{"id":100,"date":"2015-11-06T17:53:33","date_gmt":"2015-11-06T16:53:33","guid":{"rendered":"http:\/\/peinture-doury.fr\/?page_id=100"},"modified":"2025-05-17T20:52:36","modified_gmt":"2025-05-17T19:52:36","slug":"bienvenue-sur-le-site-de-peinture-doury","status":"publish","type":"page","link":"https:\/\/peinture-doury.fr\/","title":{"rendered":"Bienvenue sur le site de peinture de Dominique-Elizabeth Verderi-Doury et des Ateliers d&rsquo;Aboville"},"content":{"rendered":"<p><span style=\"color: #000080;\">Les Ateliers d&rsquo;Aboville se situent \u00e0 Chartres \u00e0 deux pas du centre ville. Dans un cadre intimiste avec vue sur la cath\u00e9drale, ils proposent des cours et organisent des stages durant les p\u00e9riodes de vacances.<\/span><\/p>\n<p><img loading=\"lazy\" decoding=\"async\" class=\"aligncenter wp-image-1073 size-large\" src=\"https:\/\/peinture-doury.fr\/wp-content\/uploads\/2018\/11\/IMG_4178-cut-1024x415.jpg\" alt=\"\" width=\"1024\" height=\"415\" srcset=\"https:\/\/peinture-doury.fr\/wp-content\/uploads\/2018\/11\/IMG_4178-cut-1024x415.jpg 1024w, https:\/\/peinture-doury.fr\/wp-content\/uploads\/2018\/11\/IMG_4178-cut-300x122.jpg 300w, https:\/\/peinture-doury.fr\/wp-content\/uploads\/2018\/11\/IMG_4178-cut.jpg 1200w\" sizes=\"auto, (max-width: 1024px) 100vw, 1024px\" \/><\/p>\n<p><span style=\"color: #000080;\">Dominique-Elizabeth Verderi-Doury commence \u00e0 peindre en 1990. Elle anime des ateliers de peinture et d&rsquo;arts plastiques. Ses premi\u00e8res expositions ont lieu en 2002.<br \/>\n<\/span><span style=\"color: #000080;\">Dipl\u00f4m\u00e9e du DESI (Dipl\u00f4me d&rsquo;Enseignement Sup\u00e9rieur d&rsquo;Instituteur), elle enseigne pendant 18 ans, sans cesser de se former \u00e0 la peinture en th\u00e9orie et en pratique. En 2010, elle quitte l&rsquo;Education Nationale et se consacre enti\u00e8rement \u00e0 la peinture.<br \/>\n<\/span><span style=\"color: #000080;\">Elle expose, vend et r\u00e9pond \u00a0\u00e0 des commandes. Elle peint de nombreux th\u00e8mes tels les sc\u00e8nes de vie, natures mortes, paysages, portraits, monuments. Aimant transporter sur la toile vierge la mati\u00e8re et les couleurs par le couteau ou le pinceau pour aller \u00e0 la rencontre de son sujet et lui donner vie, elle privil\u00e9gie la peinture \u00e0 l&rsquo;huile et \u00e0 l&rsquo;acrylique\u00a0 mais travaille aussi l&rsquo;aquarelle, le pastel, fusain, crayon&#8230;.<span style=\"color: #000080;\"><br \/>\n<span style=\"color: #000080;\">Elle propose de partager sa passion pour la peinture et d&rsquo;accompagner chacun dans la d\u00e9couverte et la pratique \u00a0de cet art.<span style=\"color: #000080;\"><br \/>\n<span style=\"color: #000080;\">C&rsquo;est \u00e0 cette m\u00eame adresse, dans son propre atelier, qu&rsquo;elle travaille ses sujets et ses techniques, qu&rsquo;elle n&rsquo;a de cesse d&rsquo;approfondir et d&rsquo;exp\u00e9rimenter.<br \/>\n<\/span><\/span><\/span><\/span><\/span><br \/>\n<a href=\"https:\/\/peinture-doury.fr\/wp-content\/uploads\/2020\/09\/IMG_20200208_104440-floute-1.jpg\"><img loading=\"lazy\" decoding=\"async\" class=\"aligncenter wp-image-1342 size-large\" src=\"https:\/\/peinture-doury.fr\/wp-content\/uploads\/2020\/09\/IMG_20200208_104440-floute-1-1024x768.jpg\" alt=\"\" width=\"1024\" height=\"768\" srcset=\"https:\/\/peinture-doury.fr\/wp-content\/uploads\/2020\/09\/IMG_20200208_104440-floute-1-1024x768.jpg 1024w, https:\/\/peinture-doury.fr\/wp-content\/uploads\/2020\/09\/IMG_20200208_104440-floute-1-300x225.jpg 300w, https:\/\/peinture-doury.fr\/wp-content\/uploads\/2020\/09\/IMG_20200208_104440-floute-1.jpg 1200w\" sizes=\"auto, (max-width: 1024px) 100vw, 1024px\" \/><\/a><\/p>\n","protected":false},"excerpt":{"rendered":"<p>Les Ateliers d&rsquo;Aboville se situent \u00e0 Chartres \u00e0 deux pas du centre ville. Dans un cadre intimiste avec vue sur la cath\u00e9drale, ils proposent des cours et organisent des stages durant les p\u00e9riodes de vacances. Dominique-Elizabeth Verderi-Doury commence \u00e0 peindre en 1990. Elle anime des ateliers de peinture et d&rsquo;arts plastiques. Ses premi\u00e8res expositions ont &hellip; <a href=\"https:\/\/peinture-doury.fr\/\" class=\"more-link\">Continuer la lecture de <span class=\"screen-reader-text\">Bienvenue sur le site de peinture de Dominique-Elizabeth Verderi-Doury et des Ateliers d&rsquo;Aboville<\/span> <span class=\"meta-nav\">&rarr;<\/span><\/a><\/p>\n","protected":false},"author":1,"featured_media":0,"parent":0,"menu_order":0,"comment_status":"closed","ping_status":"closed","template":"","meta":{"footnotes":""},"class_list":["post-100","page","type-page","status-publish","hentry"],"_links":{"self":[{"href":"https:\/\/peinture-doury.fr\/index.php\/wp-json\/wp\/v2\/pages\/100","targetHints":{"allow":["GET"]}}],"collection":[{"href":"https:\/\/peinture-doury.fr\/index.php\/wp-json\/wp\/v2\/pages"}],"about":[{"href":"https:\/\/peinture-doury.fr\/index.php\/wp-json\/wp\/v2\/types\/page"}],"author":[{"embeddable":true,"href":"https:\/\/peinture-doury.fr\/index.php\/wp-json\/wp\/v2\/users\/1"}],"replies":[{"embeddable":true,"href":"https:\/\/peinture-doury.fr\/index.php\/wp-json\/wp\/v2\/comments?post=100"}],"version-history":[{"count":16,"href":"https:\/\/peinture-doury.fr\/index.php\/wp-json\/wp\/v2\/pages\/100\/revisions"}],"predecessor-version":[{"id":2386,"href":"https:\/\/peinture-doury.fr\/index.php\/wp-json\/wp\/v2\/pages\/100\/revisions\/2386"}],"wp:attachment":[{"href":"https:\/\/peinture-doury.fr\/index.php\/wp-json\/wp\/v2\/media?parent=100"}],"curies":[{"name":"wp","href":"https:\/\/api.w.org\/{rel}","templated":true}]}}